er?
False
Is 724567 prime?
True
Is 6353687 composite?
False
Is 209785 a prime number?
False
Is 59857597 composite?
True
Is 2046431 a prime number?
True
Is 271333 prime?
True
Is 17877443 composite?
False
Is 2992118 a composite number?
True
Is 117155963 prime?
True
Is 20595703 composite?
True
Is 2851499 prime?
False
Is 21854093 prime?
False
Is 15118487 a composite number?
False
Is 142765841 a composite number?
False
Is 4137961 a prime number?
True
Is 14315699 composite?
False
Is 8901719 prime?
False
Is 10760797 prime?
True
Is 473260423 a prime number?
True
Is 1421969 a prime number?
True
Is 9721823 a prime number?
True
Is 16763347 composite?
False
Is 1771151 composite?
False
Is 225118567 prime?
False
Is 897877 a composite number?
False
Is 3574733 composite?
True
Is 38045229 a composite number?
True
Is 747162107 prime?
False
Is 1323344731 composite?
False
Is 54064607 prime?
False
Is 14473735 a composite number?
True
Is 28970017 prime?
True
Is 3473045 prime?
False
Is 1807357 prime?
True
Is 1312277 prime?
True
Is 850933 prime?
True
Is 348977801 composite?
False
Is 266654161 a prime number?
False
Is 35046623 composite?
False
Is 6909191 prime?
False
Is 286205111 a composite number?
False
Is 23142995 a composite number?
True
Is 450431 a composite number?
False
Is 466631333 composite?
True
Is 1550623 a composite number?
True
Is 181632793 a prime number?
True
Is 8519377 prime?
True
Is 1761731 prime?
False
Is 18694561 a composite number?
True
Is 6955831 a prime number?
True
Is 21603443 prime?
True
Is 6480697 composite?
False
Is 63786103 a prime number?
True
Is 2355131 composite?
True
Is 244658873 composite?
False
Is 8805437 a composite number?
False
Is 28586101 a prime number?
True
Is 29903171 prime?
False
Is 26807419 composite?
True
Is 24199739 a composite number?
True
Is 2102161 composite?
True
Is 45478687 a prime number?
True
Is 4191329 a composite number?
False
Is 5118871 prime?
True
Is 660298 a prime number?
False
Is 1010521519 a composite number?
True
Is 14570077 a prime number?
False
Is 1029163 composite?
True
Is 60242465 a composite number?
True
Is 1738466 a composite number?
True
Is 1902269 prime?
True
Is 2482066183 composite?
True
Is 11922659 a prime number?
False
Is 6550669 a prime number?
True
Is 42995827 a composite number?
True
Is 13556999 composite?
False
Is 17056385 a prime number?
False
Is 287790695 prime?
False
Is 4381271 a composite number?
False
Is 4111999 a composite number?
True
Is 8795993 composite?
True
Is 2720671 a prime number?
True
Is 278567 prime?
False
Is 1088371 a composite number?
False
Is 78616761 a prime number?
False
Is 549095 a composite number?
True
Is 6032743 a prime number?
True
Is 21891719 prime?
True
Is 46697579 prime?
False
Is 328579 a prime number?
True
Is 12258209 a composite number?
False
Is 11896999 prime?
True
Is 31702339 prime?
True
Is 17229239 a prime number?
False
Is 16568753 a composite number?
False
Is 54694999 prime?
True
Is 3938651 a prime number?
False
Is 16267793 a prime number?
False
Is 2163331 a prime number?
False
Is 174851 composite?
False
Is 4900541 a composite number?
True
Is 264698999 a composite number?
True
Is 144034481 composite?
True
Is 67429919 composite?
False
Is 6559121 a prime number?
False
Is 1589557 a prime number?
False
Is 759491 a composite number?
False
Is 62020117 composite?
False
Is 11537971 a prime number?
False
Is 972086327 a composite number?
False
Is 8200589 prime?
True
Is 18311109 a prime number?
False
Is 10817773 a prime number?
False
Is 2347367 a composite number?
True
Is 3246101 prime?
True
Is 180778726 composite?
True
Is 5528759 a prime number?
True
Is 5170003 composite?
True
Is 70865677 prime?
False
Is 122107 composite?
True
Is 1007831 prime?
False
Is 2585423 a prime number?
False
Is 100994533 a composite number?
False
Is 1025389 a prime number?
False
Is 2795657 prime?
False
Is 145861 a composite number?
False
Is 27195403 prime?
False
Is 3027671 a composite number?
True
Is 3584473 prime?
False
Is 31845949 prime?
True
Is 14403791 a prime number?
True
Is 16718501 a composite number?
False
Is 211289843 prime?
True
Is 40332785 a prime number?
False
Is 668818721 composite?
False
Is 5413535 a composite number?
True
Is 909453 prime?
False
Is 51696049 a prime number?
True
Is 13834307 prime?
True
Is 4227337 prime?
True
Is 41570839 prime?
False
Is 105182837 prime?
True
Is 16014907 a prime number?
True
Is 591973 a composite number?
False
Is 531305 a prime number?
False
Is 1935937 prime?
False
Is 2713679 a prime number?
True
Is 104442347 composite?
True
Is 10559 composite?
False
Is 128946245 prime?
False
Is 2599141 composite?
False
Is 5908403 a prime number?
True
Is 9039802 prime?
False
Is 64461413 prime?
True
Is 2961263 composite?
True
Is 268427 a prime number?
False
Is 2742079 prime?
False
Is 97018529 composite?
False
Is 41636383 composite?
True
Is 96148333 prime?
True
Is 23444951 prime?
True
Is 2950691 a prime number?
False
Is 287538627 a composite number?
True
Is 60374113 a composite number?
False
Is 196238453 a prime number?
True
Is 12098857 a prime number?
True
Is 23065121 a prime number?
False
Is 79472447 composite?
True
Is 25485157 a prime number?
True
Is 853108253 prime?
False
Is 5782609 a composite number?
True
Is 1732909 composite?
False
Is 14308183 a composite number?
False
Is 28381541 composite?
False
Is 1061671 composite?
True
Is 29963137 prime?
False
Is 3022963 composite?
False
Is 2160553 a prime number?
True
Is 9795745 a composite number?
True
Is 820637 composite?
False
Is 60020743 prime?
False
Is 124296661 a prime number?
False
Is 16751453 a prime number?
True
Is 19254181 a composite number?
False
Is 4068719 prime?
False
Is 3190037 a prime number?
False
Is 14111707 a prime number?
True
Is 57087923 a composite number?
True
Is 2694382 composite?
True
Is 1933049 composite?
False
Is 1228192397 a prime number?
True
Is 2813053 a composite number?
False
Is 597403 a composite number?
False
Is 3160181 a composite number?
True
Is 1235966 a prime number?
False
Is 5685793 a prime number?
False
Is 42610117 a composite number?
True
Is 1332421 composite?
False
Is 123882391 a prime number?
True
Is 11984515 a composite number?
True
Is 160459213 prime?
False
Is 570821 prime?
True
Is 4564555 a composite number?
True
Is 5057827 a prime number?
False
Is 14692633 a composite number?
True
Is 33003049 a prime number?
True
Is 19836385 a composite number?
True
Is 9235979 a prime number?
True
Is 2259791 a composite number?
False
Is 2370041 composite?
True
Is 200143445 composite?
True
Is 79894349 prime?
True
Is 58846789 composite?
True
Is 134399191 composite?
True
Is 113856817 a prime number?
False
Is 6928619 composite?
False
Is 8343469 composite?
False
Is 13094479 a composite number?
True
Is 25137859 a composite number?
False
Is 88470763 prime?
True
Is 7290479 a composite number?
True
Is 4852499 composite?
True
Is 15582359 a composite number?
True
Is 1596563 prime?
True
Is 30660413 prime?
False
Is 20593291 a composite number?
True
Is 2835409 prime?
True
Is 1864739 composite?
False
Is 1014347 a composite number?
True
Is 30593863 composite?
True
Is 2213501 a prime number?
False
Is 1796627 prime?
False
Is 72081871 a prime number?
False
Is 662015 prime?
False
Is 771143 prime?
True
Is 60617621 a prime number?
True
Is 5067501 composite?
True
Is 469674581 a prime number?
False
Is 571189 composite?
True
Is 6321401 a prime number?
True
Is 191114303 a prime number?
True
Is 68204767 a prime number?
False
Is 5424983 composite?
False
Is 446876401 prime?
False
Is 32325037 prime?
False
Is 183530537 composite?
True
Is 203957119 a prime number?
True
Is 1762561 composite?
False
Is 179251 a prime number?
False
Is 68992579 composite?
True
Is 140075867 prime?
True
Is 125088409 a composite number?
False
Is 1981801 a prime number?
False
Is 98142431 composite?
False
Is 11063098 prime?
False
Is 48478583 a prime number?
False
Is 27845003 prime?
True
Is 4324043 a composite number?
True
Is 54860507 composite?
True
Is 142441883 a prime number?
False
Is 3679789 prime?
True
Is 25352237 a prime number?
False
Is 2849771 a composite number?
False
Is 30839429 prime?
True
Is 159276206 composite?
True
Is 50955953 composite?
True
Is 160141 composite?
False
Is 3618305 a prime number?
False
Is 29161991 a composite number?
Fa